hen j is divided by 2*5 - (0 - -2)?
7
Let x(n) = 2*n**2 - 33*n + 32. Calculate the remainder when 143 is divided by x(16).
15
Let k be 582/12 + 9/6 + -3. Let u = 172 - 90. Let z = k + u. Calculate the remainder when z is divided by 33.
30
Let g(b) = -7*b**2 - 43*b - 14. What is the remainder when g(-4) is divided by 29?
17
Suppose -76 = -2*w + 2*h - 68, -4*w - 4*h + 48 = 0. Suppose 10 = x - 5. Calculate the remainder when x is divided by w.
7
Suppose -14*w + 19*w = 185. Let o(i) = i**2 - 5*i - 6. Let g be o(6). Suppose 5*c - 16 - 24 = g. Calculate the remainder when w is divided by c.
5
Suppose -3*g + 80*u - 79*u = -134, -4*u = -16. What is the remainder when 321 is divided by g?
45
Let r(j) = j**3 + 22*j**2 - 20*j + 75. Calculate the remainder when 28 is divided by r(-23).
4
Let x(t) = 3*t**2 + 36*t + 20. Calculate the remainder when x(-14) is divided by 27.
23
Let j(u) = -u**3 + 10*u**2 + 12*u - 11. Let p be (16 + -3 + 0)*5. Let f = p - 37. What is the remainder when j(10) is divided by f?
25
Let i = 136 - 77. Calculate the remainder when i is divided by 14.
3
Suppose -f - 14 = -19. Calculate the remainder when (-125)/(-3) - 2/(-6) is divided by f*2 - (9 + -10).
9
Suppose 0*l + 1012 = 11*l. Let s = -6 + 18. What is the remainder when l is divided by s?
8
Let t be 5602/14 - ((-58)/(-14) - 4). Suppose y = -2*z + 4*z + 140, -t = -3*y - 4*z. What is the remainder when y is divided by 35?
31
Let p(a) = a**3 + 17*a**2 - 19*a - 6. What is the remainder when 13 is divided by p(-18)?
1
Suppose 64 = 7*l - 90. What is the remainder when 56 is divided by l?
12
Let b(k) = k**3 - k**2 - 3*k + 1. Let q be b(3). Suppose q*v - 5*v = 185. Let x(i) = -i**2 + 18*i - 35. Calculate the remainder when v is divided by x(3).
7
Let o(h) = -h**3 - 5*h**2 + 110*h + 17. Calculate the remainder when 172 is divided by o(8).
42
Let p(n) = 16*n**3 - 5*n**2 + 11*n - 2. Calculate the remainder when p(2) is divided by 27.
20
Suppose -3 = 7*n - 24. Let y = 22 - n. What is the remainder when y is divided by 6?
1
What is the remainder when 0 + 890/6 - (-43)/(-129) is divided by 13?
5
Calculate the remainder when 838 is divided by (-20)/((950/(-60))/19).
22
Let f(t) = -t**2 + 38. Calculate the remainder when 189 is divided by f(0).
37
Let n = -59 - -5. Let v = n + 63. Calculate the remainder when 44 is divided by v.
8
Suppose 820 = 5*d - 5*t, 3*d + 3*t - 497 = t. Calculate the remainder when d is divided by 24.
21
Suppose -4*a + 240 = 6*v - 2*v, 4*a - 4*v = 264. Let n be 1088/(-26) - (-1)/(13/(-2)). Let s = n - -55. Calculate the remainder when a is divided by s.
11
Suppose 35 = 2*q + 6*v - 5*v, -5*v = -2*q + 65. Let w(s) = s**3 + 5*s**2 + s + 1. What is the remainder when q is divided by w(-2)?
9
Suppose 0 = 3*g + i - 97, g + 0*g - 5*i - 43 = 0. Calculate the remainder when 161 is divided by g.
29
Let f(d) = -d**3 + 22*d**2 + 3*d - 57. Suppose 5*k + 3*v - 110 = 0, k + 4*v = v + 22. Calculate the remainder when f(k) is divided by 3.
0
Suppose -2*s + 0*r + 32 = 2*r, -3*r = 5*s - 84. Calculate the remainder when 95 is divided by s.
5
Suppose -5*r - 642 = -3*j, -24*r = 3*j - 21*r - 618. Calculate the remainder when j is divided by 15.
14
Suppose 22 = b - 3. Let k = 162 + -114. Calculate the remainder when k is divided by b.
23
Let v(t) = 51*t - 503. What is the remainder when (-226)/(-10) + (-4)/(-10) is divided by v(10)?
2
Let q = -6 + 6. What is the remainder when 2/(-1 + 3) - -13 is divided by (q - -2)/((-1)/(-2))?
2
Let w = -250 - -525. What is the remainder when w is divided by 92?
91
Suppose 0 = -4*u + 12, -5*q - 3*u + 129 = -q. Let c = 89 - q. What is the remainder when c is divided by 15?
14
Suppose -150*s = -153*s + 33. Calculate the remainder when 39 is divided by s.
6
Suppose -2*n - 3*w + 18 = 0, 0 = 4*n - 4*w - 22 - 14. Suppose 3*z - n*z = -222. What is the remainder when z is divided by 13?
11
What is the remainder when 55/44 + (-3319)/(-4) is divided by 13?
12
Suppose 3*q - t + 23 = 0, 3*q + 17 = t - 3*t. Let y = q - -117. What is the remainder when (-34)/4*y/(-11) is divided by 22?
19
Let b be (74/5)/((-6)/(-15)). Suppose 19 = x + 2*m - 33, -b = -x + m. Let v = -5 + 14. What is the remainder when x is divided by v?
6
Let h(t) be the second derivative of -t**5/20 - t**4/6 - 7*t**3/6 - 13*t**2/2 - 26*t. Calculate the remainder when 26 is divided by h(-3).
9
Suppose 7*s = 2*s - 4*u + 154, -2*s + 4*u = -84. Calculate the remainder when 74 is divided by s.
6
Suppose 4*w - 4 = 5*p + 2, 2*w - 6 = p. Suppose -p = -2*d + 4. What is the remainder when 8 is divided by d?
2
Let y(w) = w + 1. Let q be y(1). Suppose b + s = -10 + 43, -5*b = -q*s - 130. Let m = 14 + 1. What is the remainder when b is divided by m?
13
Suppose -2*l - 4 + 18 = 0. Suppose -4*y = -4*s + 80, 2*y + 25 = l*y. What is the remainder when 99 is divided by s?
24
Suppose -3*f + 23 = -z - 11, 0 = -3*f + 5*z + 38. Let a = f + 15. What is the remainder when 50 is divided by a?
24
Let t = -28 - -17. Let v = -7 - t. What is the remainder when 9 is divided by (-15)/(-10)*v/2?
0
Let r(t) = -2*t + 219. Calculate the remainder when r(23) is divided by 47.
32
Let b be (-222)/(-5 - -2) - (-1)/1. Suppose 31*m - 26*m = b. What is the remainder when 72 is divided by m?
12
Let u = -117 - -260. Suppose o + 44 = 5*c - 34, -u = 2*o + 3*c. Let b = o + 110. Calculate the remainder when b is divided by 13.
11
Let v(g) = -g + 7. Let q be v(5). Suppose q*o + 25 = 7*o. Suppose -o = n - 19. Calculate the remainder when 53 is divided by n.
11
Let l = -5 + 5. Suppose 0 = -t - l*t + 2. Suppose -3*d = 5*u - 9 - 7, u + 3*d = 8. What is the remainder when u is divided by t?
0
Let u(j) = 2*j**2 - 9. Let l be u(-7). Let i = l + -28. What is the remainder when i is divided by 16?
13
Suppose 5*c - 14 = -14. Suppose -5*g = z - 45, c = 4*g + 5 - 1. What is the remainder when z is divided by 13?
11
Let w(g) = 3*g - 23. What is the remainder when 0 + 2 + -5 + 126 is divided by w(18)?
30
Let a = -146 + 224. What is the remainder when a is divided by 40?
38
Let w(g) = g**3 - 22*g**2 + 60*g - 36. Calculate the remainder when 173 is divided by w(19).
5
Suppose 38 = 49*n - 109. Calculate the remainder when 127 is divided by n.
1
Suppose -14*g + 18 = -8*g. Calculate the remainder when 95 is divided by g.
2
Let i be (2/(-6))/(7/(-21)). Let w be 132/3*(i - 2). Let h = -19 - w. What is the remainder when h is divided by 14?
11
Let j be 1/(-3) - (-392)/24. Let i(u) = u**2 - 16*u + 10. Let m be i(j). Let q = m + 3. What is the remainder when q is divided by 4?
1
Let x = -93 + 105. Calculate the remainder when 64 is divided by x.
4
Let t be (-2)/1 + 3 + -4 - -6. Suppose -6*k - p = -2*k - 72, -t*p = -3*k + 39. Let j = 10 - 4. What is the remainder when k is divided by j?
5
Let h = 813 + -466. What is the remainder when h is divided by 50?
47
Suppose 1350*n + 1710 = 1445*n. Calculate the remainder when n is divided by (-7)/2*(-3 + 1).
4
Suppose 3*j + 12 - 37 = u, 4*j - 5*u - 48 = 0. Let f be 1*2 - (-7 + 3). Suppose -t - 95 = -f*t. What is the remainder when t is divided by j?
5
Suppose -2*z = -5*w - 362 - 178, -5*z + 1392 = -2*w. What is the remainder when z is divided by 19?
14
Let l(z) = z + 8. What is the remainder when l(-2) is divided by 3?
0
Suppose 2*a = -o + 53, 4*a = -5*o + 5*a + 221. Calculate the remainder when 539 is divided by o.
44
Let r be ((-2)/(-5))/((-2)/60). Let h = 57 + r. Calculate the remainder when 4 is divided by (h/15)/((-6)/(-8)).
0
Let n = -847 - -895. Calculate the remainder when 121 is divided by n.
25
Suppose 8*o + 2*o - 160 = 0. What is the remainder when 30 is divided by o?
14
Suppose n = -0 + 2. Let y(l) = l - 6. Let a be y(10). Suppose -16 = n*m - a*m. What is the remainder when 11 is divided by m?
3
Suppose -2*z - 13 = -3*z. Let p(l) = 19*l - 40. Let s be p(-5). Let v = s + 139. What is the remainder when z is divided by v?
1
Let m = -348 - -367. Let c be 5*(-2*1 - -3). Suppose -c*h = -0*h - 50. Calculate the remainder when m is divided by h.
9
Let u(z) = 4*z + 3. Calculate the remainder when (8 + 295/(-20))/(186/64 + -3) is divided by u(3).
12
Let l be 0/(2 - (-1 - -1)). Suppose 2*p + 2*p - 76 = l. Suppose -u + 3*q = -11, -6*u = -u + 3*q - p. What is the remainder when 19 is divided by u?
4
Let p be -11*(-8 - -5)*2/(-2). Cal